{"id":104,"date":"2026-03-29T13:00:51","date_gmt":"2026-03-29T13:00:51","guid":{"rendered":"https:\/\/palmiot.ma\/store\/?post_type=product&#038;p=104"},"modified":"2026-03-29T13:08:48","modified_gmt":"2026-03-29T13:08:48","slug":"kit-standard-plus-appartement-48-points","status":"publish","type":"product","link":"https:\/\/palmiot.ma\/store\/produit\/kit-standard-plus-appartement-48-points\/","title":{"rendered":"Kit standard plus appartement  48 points"},"content":{"rendered":"<p data-path-to-node=\"4\">Ce kit permet de couvrir l&rsquo;int\u00e9gralit\u00e9 de vos besoins de distribution :<\/p>\n<ul data-path-to-node=\"5\">\n<li>\n<p data-path-to-node=\"5,0,0\"><b data-path-to-node=\"5,0,0\" data-index-in-node=\"0\">Gestion des \u00c9clairages (11 circuits) :<\/b> 4 pour le salon, 4 pour la chambre maitre et SDB ,\u00a0 2 par chambre (3ch), 2 pour le couloirs et 2 pour la salle de bain .<\/p>\n<\/li>\n<li>\n<p data-path-to-node=\"5,1,0\"><b data-path-to-node=\"5,1,0\" data-index-in-node=\"0\">Gestion des Volets Roulants (4 VR) :<\/b> Pilotage individuel ou centralis\u00e9 pour le salon et les deux chambres.<\/p>\n<\/li>\n<li>\n<p data-path-to-node=\"5,2,0\"><b data-path-to-node=\"5,2,0\" data-index-in-node=\"0\">Contr\u00f4le Centralis\u00e9 :<\/b> L&rsquo;\u00e9cran tactile <a href=\"https:\/\/www.zennio.com\/fr\/produit\/z50\/\"><b data-path-to-node=\"5,2,0\" data-index-in-node=\"38\">ZVIZ50<\/b><\/a> permet non seulement de commander ces \u00e9l\u00e9ments, mais aussi de g\u00e9rer la temp\u00e9rature et de cr\u00e9er des sc\u00e9narios (ex: \u00ab\u00a0D\u00e9part\u00a0\u00bb qui \u00e9teint tout et ferme les volets).<span data-path-to-node=\"11,0,0,0\">Pack de base (\u00c9clairage + Volets)<\/span><\/p>\n<\/li>\n<li>\n<p data-path-to-node=\"5,2,0\"><span data-path-to-node=\"11,1,0,0\"><b data-path-to-node=\"11,1,0,0\" data-index-in-node=\"0\">Option Clim (par Split)<\/b><\/span><span data-path-to-node=\"11,1,1,0\"><b data-path-to-node=\"11,1,1,0\" data-index-in-node=\"0\">\u00c0 partir de 1920,00 Mad HT<\/b>*<\/span><\/p>\n<\/li>\n<\/ul>\n<p>&nbsp;<\/p>\n<h3 data-path-to-node=\"4\">Composition du Kit :<\/h3>\n<ul data-path-to-node=\"5\">\n<li>\n<p data-path-to-node=\"5,0,0\"><b data-path-to-node=\"5,0,0\" data-index-in-node=\"0\">1 x \u00c9cran Tactile Capacitif 5&Prime; (ZVIZ50)\u00a0<\/b><\/p>\n<\/li>\n<li>\n<p data-path-to-node=\"5,1,0\"><b data-path-to-node=\"5,1,0\" data-index-in-node=\"0\">2 x Unit\u00e9s de Contr\u00f4le RCU1600 (EAE) :<\/b> Soit <b data-path-to-node=\"5,1,0\" data-index-in-node=\"44\">32 sorties de 16A<\/b> au total,<\/p>\n<\/li>\n<li>\n<p data-path-to-node=\"5,2,0\"><b data-path-to-node=\"5,2,0\" data-index-in-node=\"0\">Pose &amp; Programmation :<\/b> Installation professionnelle et configuration personnalis\u00e9e de vos sc\u00e9narios par nos experts.<\/p>\n<\/li>\n<li>option clim\u00a0 passerelle par split<\/li>\n<\/ul>\n<p>&nbsp;<\/p>\n","protected":false},"excerpt":{"rendered":"<p>Ce kit permet de couvrir l&rsquo;int\u00e9gralit\u00e9 de vos besoins de distribution : Gestion des \u00c9clairages (11 circuits) : 4 pour le salon, 4 pour la chambre maitre et SDB ,\u00a0 2 par chambre (3ch), 2 pour le couloirs et 2 pour la salle de bain . Gestion des Volets Roulants (4 VR) : Pilotage individuel &hellip;<\/p>\n<p class=\"read-more\"> <a class=\" thunk-readmore button \" href=\"https:\/\/palmiot.ma\/store\/produit\/kit-standard-plus-appartement-48-points\/\"> <span class=\"screen-reader-text\">Kit standard plus appartement  48 points<\/span>Read More<\/a><\/p>\n","protected":false},"featured_media":105,"comment_status":"open","ping_status":"closed","template":"","meta":{"pagelayer_contact_templates":[],"_pagelayer_content":""},"product_brand":[],"product_cat":[28],"product_tag":[],"class_list":{"0":"post-104","1":"product","2":"type-product","3":"status-publish","4":"has-post-thumbnail","6":"product_cat-kits-appartements","7":"thunk-woo-product-list","8":"opn-qv-enable","9":"open-woo-hover-","10":"open-single-product-tab-horizontal","11":"open-shadow-","12":"open-shadow-hover-","14":"first","15":"instock","16":"taxable","17":"shipping-taxable","18":"purchasable","19":"product-type-simple"},"_links":{"self":[{"href":"https:\/\/palmiot.ma\/store\/wp-json\/wp\/v2\/product\/104","targetHints":{"allow":["GET"]}}],"collection":[{"href":"https:\/\/palmiot.ma\/store\/wp-json\/wp\/v2\/product"}],"about":[{"href":"https:\/\/palmiot.ma\/store\/wp-json\/wp\/v2\/types\/product"}],"replies":[{"embeddable":true,"href":"https:\/\/palmiot.ma\/store\/wp-json\/wp\/v2\/comments?post=104"}],"wp:featuredmedia":[{"embeddable":true,"href":"https:\/\/palmiot.ma\/store\/wp-json\/wp\/v2\/media\/105"}],"wp:attachment":[{"href":"https:\/\/palmiot.ma\/store\/wp-json\/wp\/v2\/media?parent=104"}],"wp:term":[{"taxonomy":"product_brand","embeddable":true,"href":"https:\/\/palmiot.ma\/store\/wp-json\/wp\/v2\/product_brand?post=104"},{"taxonomy":"product_cat","embeddable":true,"href":"https:\/\/palmiot.ma\/store\/wp-json\/wp\/v2\/product_cat?post=104"},{"taxonomy":"product_tag","embeddable":true,"href":"https:\/\/palmiot.ma\/store\/wp-json\/wp\/v2\/product_tag?post=104"}],"curies":[{"name":"wp","href":"https:\/\/api.w.org\/{rel}","templated":true}]}}