{"id":296,"date":"2026-03-30T17:47:44","date_gmt":"2026-03-30T17:47:44","guid":{"rendered":"https:\/\/palmiot.ma\/store\/?post_type=product&#038;p=296"},"modified":"2026-03-30T17:47:44","modified_gmt":"2026-03-30T17:47:44","slug":"ziomb8v4","status":"publish","type":"product","link":"https:\/\/palmiot.ma\/store\/produit\/ziomb8v4\/","title":{"rendered":"ZIOMB8V4"},"content":{"rendered":"<div class=\"product-ref\"><strong>REF: ZIOMB8V4<\/strong><\/div>\n<div class=\"product-content\">\n<p>Actionneur multifonction pour rail DIN (4,5\u00a0unit\u00e9s) avec 8 sorties de relais (16\u00a0A C-Load) qui permettent une configuration multiple comme canaux de volet, sorties individuelles ou m\u00eame blocs de contr\u00f4le de ventiloconvecteur de 2 tubes. Il permet le contr\u00f4le manuel au moyen de boutons poussoirs. Il dispose de 20 fonctions logiques ind\u00e9pendantes. Il est compatible avec KNX Secure. Accessoires\u00a0: adaptateurs de volet AC\/DC.<\/p>\n<\/div>\n","protected":false},"excerpt":{"rendered":"<h1 class=\"entry-title\">MAXinBOX 8 v4<\/h1>\n<h2 class=\"entry-subtitle\">Actionneur multifonction KNX avec KNX Secure &#8211; 8 sorties 16 A<\/h2>\n","protected":false},"featured_media":299,"comment_status":"open","ping_status":"closed","template":"","meta":{"pagelayer_contact_templates":[],"_pagelayer_content":""},"product_brand":[],"product_cat":[31],"product_tag":[],"class_list":{"0":"post-296","1":"product","2":"type-product","3":"status-publish","4":"has-post-thumbnail","6":"product_cat-actionneurs-multifonctions","7":"thunk-woo-product-list","8":"opn-qv-enable","9":"open-woo-hover-","10":"open-single-product-tab-horizontal","11":"open-shadow-","12":"open-shadow-hover-","14":"first","15":"instock","16":"taxable","17":"shipping-taxable","18":"product-type-simple"},"_links":{"self":[{"href":"https:\/\/palmiot.ma\/store\/wp-json\/wp\/v2\/product\/296","targetHints":{"allow":["GET"]}}],"collection":[{"href":"https:\/\/palmiot.ma\/store\/wp-json\/wp\/v2\/product"}],"about":[{"href":"https:\/\/palmiot.ma\/store\/wp-json\/wp\/v2\/types\/product"}],"replies":[{"embeddable":true,"href":"https:\/\/palmiot.ma\/store\/wp-json\/wp\/v2\/comments?post=296"}],"wp:featuredmedia":[{"embeddable":true,"href":"https:\/\/palmiot.ma\/store\/wp-json\/wp\/v2\/media\/299"}],"wp:attachment":[{"href":"https:\/\/palmiot.ma\/store\/wp-json\/wp\/v2\/media?parent=296"}],"wp:term":[{"taxonomy":"product_brand","embeddable":true,"href":"https:\/\/palmiot.ma\/store\/wp-json\/wp\/v2\/product_brand?post=296"},{"taxonomy":"product_cat","embeddable":true,"href":"https:\/\/palmiot.ma\/store\/wp-json\/wp\/v2\/product_cat?post=296"},{"taxonomy":"product_tag","embeddable":true,"href":"https:\/\/palmiot.ma\/store\/wp-json\/wp\/v2\/product_tag?post=296"}],"curies":[{"name":"wp","href":"https:\/\/api.w.org\/{rel}","templated":true}]}}